) = 3*r**2 + 12 + 2*r**2 - 8*r - 4*r**2. Let s be q(10). Let m = s + 8. What are the prime factors of m?
2, 5
Let i = -2 + 7. Let o(f) = -f**3 + 9*f**2 - 4*f - 9. List the prime factors of o(i).
71
Let j be (-30)/(-4)*12/18. Suppose 2*z + 26 = 4*m, -j*z + z - 34 = -5*m. List the prime factors of ((-21)/(-4))/(m/16).
2, 7
Let r = -16 - -7. List the prime factors of (584/(-24))/(3/r).
73
Suppose 16*l + 60 = 10*l. What are the prime factors of -1*l*11 - (-1)/1?
3, 37
Suppose 5*b - b - 16 = 0. Let i(g) = -g - g**2 - 2*g**3 + b*g - g**3 - 4 + 5. What are the prime factors of i(-2)?
3, 5
Let b = 2490 + -938. What are the prime factors of b?
2, 97
Let z be (-18)/(-5)*(-80)/(-12). Let f = -18 + z. Suppose -f - 22 = -d. What are the prime factors of d?
2, 7
Let l = -41 + 45. Suppose -61 = -4*d + 3*s + 83, 5*d = l*s + 179. What are the prime factors of d?
3, 13
Let s = 18 + -12. Suppose -3*v - 5*l = -197, -s*l + 2*l = 5*v - 350. List the prime factors of v.
2, 37
Suppose -3 - 6 = w. Let n = -3 + w. List the prime factors of (-2)/8 + (-219)/n.
2, 3
Let l = -29 + 32. Let w be 8 + (-3 - (0 - l)). Let s = 37 - w. What are the prime factors of s?
29
Let l = 402 + -240. Suppose -2*r - 2*b + l = 0, r - 71 = -0*r + b. What are the prime factors of r?
2, 19
List the prime factors of (-2625)/(-9) - (-8)/(-12).
3, 97
Suppose -354 + 954 = 3*q. Let l = -112 + q. What are the prime factors of l?
2, 11
Suppose -8*m + 4*m - 16 = 0. What are the prime factors of m/(-10)*(119 - 4)?
2, 23
Let i(r) = -73*r + 95. What are the prime factors of i(-9)?
2, 47
Let t(q) = 2*q**3 - 3*q**2 + 2*q - 1. Let j(h) = 2*h**3 - 4*h**2 + 2*h - 2. Let w(n) = 2*j(n) - 3*t(n). What are the prime factors of w(-2)?
23
Suppose 129*u + 7230 = 139*u. What are the prime factors of u?
3, 241
What are the prime factors of (-73)/584 + 1433/8?
179
Let b(x) = 23*x**2 + 10*x + 2. Let s be b(8). What are the prime factors of (-4)/(-10) - (s/(-15) - -3)?
101
Suppose -7 + 19 = p. Let c(i) = 23 - 11 - i + 15 + p. What are the prime factors of c(19)?
2, 5
Suppose 0 = 2*v + 4*z - 32, 4 + 11 = 3*z. Suppose v*g = 7*g - 14. List the prime factors of (-108)/(-14)*g/3.
2, 3
Suppose -12*c + 16*c = 4*t + 3144, 2*c + t - 1566 = 0. What are the prime factors of c?
2, 7
Suppose -u - 2*x = 4*u + 78, -5*u - 82 = -2*x. List the prime factors of 142/7 - u/(-56).
2, 5
Suppose -13992 = -12*i + 11196. List the prime factors of i.
2099
Let a(b) = 2*b**2 - 4*b + 6. Let h be a(-7). Let s be 3/6*1*10. Suppose -g - s*g = -h. What are the prime factors of g?
2, 11
Suppose 5*s + 5*y = 160, y - 2 = -0. Suppose 26*f = s*f - 576. List the prime factors of f.
2, 3
Suppose 1666 = 5*h - 1034. Suppose -w + 5*k = -6*w + h, 3 = -k. What are the prime factors of w?
3, 37
Let y = 1462 + -956. List the prime factors of y.
2, 11, 23
Let j(k) = 10*k - 2. Let y(s) = -20*s + 5. Let i(w) = 5*j(w) + 2*y(w). Let z be i(1). Let b = -1 + z. What are the prime factors of b?
3
Let r = 99 - -21. Suppose -8*s = -0*s - r. What are the prime factors of s?
3, 5
Suppose -4*u + u - 3*h + 6 = 0, -5*h - 10 = 0. Suppose -316 = -u*k - 32. Let j = k + -46. List the prime factors of j.
5
Suppose -2*l + 8778 = 496. What are the prime factors of l?
41, 101
Suppose 25*p - 2160 = 16*p. List the prime factors of p.
2, 3, 5
Let y = -1 - -11. Suppose 0 = -s - 1 + y. What are the prime factors of s + 2 + (-3 - 0)?
2
Let s = -751 - -1341. What are the prime factors of s?
2, 5, 59
Let n(a) = -4*a**3 + 11*a**2 + 11*a - 20. Let m(l) = -l**3 + l. Let b(c) = -3*m(c) + n(c). List the prime factors of b(10).
2, 5
Suppose -3*f + 5*d - 22 = -f, -9 = f - 2*d. List the prime factors of (f - -3) + 4*1.
2, 3
Let k = 1303 - 659. Let u = -401 + k. List the prime factors of u.
3
Suppose -241 = n + w, -n + 3*w - 238 = 7*w. Let i = -173 - n. List the prime factors of i.
3, 23
Suppose -4*q - 1573 = -7609. List the prime factors of q.
3, 503
What are the prime factors of ((-40)/6)/((-38)/1254)?
2, 5, 11
Suppose 0 = 3*l + u - 547, 714 = 5*l - 5*u - 171. Suppose 4 = q + 5*j - 23, -2*j + l = 5*q. What are the prime factors of q?
37
Let k = -178 + 1802. List the prime factors of k.
2, 7, 29
What are the prime factors of (-43)/(1290/(-160120)) + (-4)/(-6)?
2, 17, 157
Let r(p) = 15*p + 112. What are the prime factors of r(-2)?
2, 41
Let z(g) = 138*g - 58. List the prime factors of z(6).
2, 5, 7, 11
Suppose -7*m + 3535 - 42 = 0. Suppose -m + 1624 = 5*u. List the prime factors of u.
3, 5
Let i be 5/(-20)*(-2 - -2). Suppose -5*z + i*t = -2*t - 77, -t + 44 = 3*z. List the prime factors of 5/z - 105/(-9).
2, 3
Let r = 0 + 8. Suppose 3*t = 1 + r. Suppose -t*b + 28 = -35. List the prime factors of b.
3, 7
Suppose -20*b = -15*b - 630. List the prime factors of b.
2, 3, 7
Let s = 7 - 3. Let r be (-189)/28 - (-3)/s. List the prime factors of ((-2)/r)/((-2)/(-270)).
3, 5
Suppose t = 3*t - 8. Suppose 680 = 3*f + s, t*f - 2*f + 2*s = 456. List the prime factors of f.
2, 113
Suppose 20*z + 34545 = 35*z. What are the prime factors of z?
7, 47
Let g = 73 + -68. Suppose -5*p = 3*i - 754, -g*p = -5*i - 400 - 370. What are the prime factors of p?
2, 19
Suppose 16*y + 1352 = 20*y. What are the prime factors of y?
2, 13
Let v = 0 - -4. Suppose -5*s = 2*g - 7*g + 15, 2*s + 18 = -v*g. List the prime factors of (4 - -2)*(-11)/g.
3, 11
Let x(t) = -t**2 - 5*t - 2. Let i be x(-5). Let u(p) = 3*p**2 + 2. Let v be u(i). Let f = 4 + v. List the prime factors of f.
2, 3
Suppose 255 = 3*j - 3*g, j - 6*j - 5*g = -455. Suppose -p + 0*p = 4, k = 5*p + j. What are the prime factors of k?
2, 17
Let q be (-2)/(-5) - 33/(-5). List the prime factors of (q/(14/(-36)))/(-2).
3
Let p be (24/(-30))/((-1)/10). Suppose 3*k + 15 = -5*u + p*k, -4*u - 4*k = 20. Let v = u - -16. What are the prime factors of v?
2, 3
Let m be (-8244)/(-33) + 8/44. Let d = m + -134. What are the prime factors of d?
2, 29
Let x(d) = 27*d + 36. What are the prime factors of x(11)?
3, 37
Let c(u) = 87*u + 2. Let h(m) = -29*m - 1. Let k(w) = -2*c(w) - 7*h(w). Let y be k(3). Suppose -4*s = 8, -3*p = p + s - y. What are the prime factors of p?
23
Let v(y) = -3*y + 10. Let w be v(-8). Let g = w + -12. List the prime factors of g.
2, 11
Suppose g - 2 = -8. Let y = 13 + g. Suppose -87 = y*j - 10*j. What are the prime factors of j?
29
Suppose 12 = -4*n + 2*n. Let m = n - -10. Suppose -c + m + 18 = -2*y, 3*c + 3*y - 102 = 0. What are the prime factors of c?
2, 3, 5
Let s = -14 + 18. List the prime factors of (8/2)/s + 3.
2
Let p(b) = -b**2 - 14*b - 7. Let o = -29 + 19. Let u be p(o). Let k = u - 17. What are the prime factors of k?
2
Suppose -4*x + 0*x = 5*z - 798, 2*z - 322 = -3*x. List the prime factors of z.
2, 79
Let y(j) = 3*j**2 - 4*j + 4. Let h = -3 + -1. What are the prime factors of y(h)?
2, 17
Suppose 4*x - 14 = 2. Suppose x*h - 286 = -h + 2*n, -47 = -h - 3*n. List the prime factors of h.
2, 7
Let b(l) = 8*l**2 - 23*l - 15. What are the prime factors of b(6)?
3, 5
What are the prime factors of (-135)/(-90) - (-2 + (-965)/2)?
2, 3
Suppose 1693 = -5*m + 5548. Suppose -4*v - k = -m, v + v - 4*k = 372. What are the prime factors of v?
2, 3
Suppose 8 = 2*c - 2. Suppose -y + 78 = p, -c*y + 408 = -0*y - p. What are the prime factors of 364/18 + (-18)/y?
2, 5
Let x be (7/14)/((-2)/(-4)). Let l = x + 16. List the prime factors of l.
17
What are the prime factors of (66/(-12)*-8)/((-6)/(-240))?
2, 5, 11
Suppose 4*z - 2*z = -8, 3*w - 159 = 3*z. Suppose -584 - w = -3*u. What are the prime factors of u?
211
What are the prime factors of ((-4)/12)/((-7 + 3)/240)?
2, 5
Let z = -131 + 79. Let v = 352 - 364. List the prime factors of (-9)/(-1)*z/v.
3, 13
Suppose f - 18 = -0*f + 5*z, 0 = -4*f - 4*z. Suppose -f*w = -0*w - 252. List the prime factors of w.
2, 3, 7
Let z be (8/(-6))/((-9)/27). Suppose -z*k - 2*c = -914, -4*k - 6*c = -c - 917. What are the prime factors of (-25)/10*k/(-10)?
3, 19
Let i = 140 + 37. List the prime factors of i.
3, 59
Suppose -103*k = -80*k - 22655. What are the prime factors of k?
5, 197
Let t(v) = -223*v**3 + 3*v**2 - v - 3. Let h(n) = -224*n**3 + 3*n**2 - 2*n - 4. Let l(a) = -4*h(a) + 5*t(a). What are the prime factors of l(-1)?
2, 5, 11
List the prime factors of 3/(-15)*2 + (-8448)/(-20).
2, 211
Let n(k) = 1700*k**3 - k**2 + 12*k - 12. List the prime fact